4
Calculate -6 - (-20 - -13) - -1.
2
6 + (3 - 18) + 2 + 2
-5
What is the value of (0 + 10 - -7) + -10?
7
What is 2 + -2 + 0 - -5?
5
What is the value of (5 - 2 - 3) + -1 - 3?
-4
What is the value of (2 + -1 - 0) + 2?
3
(0 - -7) + (-15 - -6)
-2
What is the value of (11 - (3 - 1)) + -3 + -1?
5
What is 10 + (7 - 0) + -11?
6
What is the value of 0 + (1 - (-2 - 2))?
5
-5 + (0 - 2) + 5 + -1
-3
What is (4 - 4) + (-1 - -2)?
1
What is (-5 - 3 - (-3 + 5)) + 5?
-5
-2 + 0 + (5 - (6 + -4))
1
What is the value of (1 - 1) + -1 + -1 - -1?
-1
Evaluate -12 + (-8 - -10 - -5).
-5
Evaluate (1 + 7 + -1 - 0) + -1.
6
Evaluate 10 + -6 + 2 - (15 + 1).
-10
Calculate 4 - ((4 - 0) + 3 + -1).
-2
What is 7 + -4 + -5 + 2?
0
Evaluate -2 - (6 + -3) - -1 - 1.
-5
Calculate 0 + -2 + 2 + 3 - 3.
0
Calculate -3 + 4 - (0 + -3) - 12.
-8
Calculate (3 - -2) + (2 - 6) + -1.
0
What is the value of 3 + -6 + 2 - (-1 + -2)?
2
What is the value of 11 + -7 - -5 - 5?
4
What is the value of 4 + (9 - 11) + 3?
5
Evaluate (-6 + 3 - -7 - 13) + 4.
-5
What is the value of (-6 - -2) + 3 + -1?
-2
What is -8 - (-6 - -9 - 6)?
-5
Calculate -8 + -1 + (1 - -3).
-5
Calculate (7 - 2) + 0 - (-5 + -1).
11
What is the value of -2 + 24 + -13 + -15?
-6
Calculate -1 - (-3 + 2 + 3).
-3
What is -6 + (7 + 4 + 1 - -1)?
7
Evaluate 0 + 0 + 0 + (-16 - -12).
-4
What is the value of (-24 - -16) + (6 - -2)?
0
Calculate -7 + (12 - -2 - 5).
2
10 + (-2 - 0) - 7
1
Evaluate 0 + 4 - (10 + -2 - 7).
3
Evaluate (3 - 9 - -5) + 1.
0
-2 + -7 + 5 - -8
4
Evaluate (7 - (6 + -2)) + 2.
5
What is 1 + 3 + -3 + -2?
-1
Evaluate -4 + 2 + 4 + (1 - -2).
5
Evaluate -9 + 13 - 3 - 11.
-10
Calculate 0 + -2 - (5 + -4 - 3).
0
7 + -10 + 0 + 4
1
2 + -1 - (3 + 3 - 1)
-4
Calculate (-5 - (2 - 3)) + 2 - 5.
-7
Evaluate 12 - (2 + 0 - (-25 + 20)).
5
Evaluate 7 + 12 + -11 + -10.
-2
Evaluate 4 + (3 + 0 - (29 + -24)).
2
What is -11 + (-1 - -10 - 6)?
-8
What is the value of 2 - (-5 + (2 - (-6 - 0)))?
-1
What is the value of 7 + 2 + -2 - (-33 + 30)?
10
What is (-17 - -9 - -6) + -7 + 2?
-7
What is 4 + (-1 + -3 + 2 - 6)?
-4
Evaluate (-14 - -10) + (3 - 2 - -2).
-1
Evaluate 1 - (2 - -1 - 7) - 0.
5
What is the value of -14 + 9 - (1 - 2)?
-4
What is the value of -5 + (-1 - -1) + 3?
-2
Evaluate 4 + -3 + 3 + -1 + -2.
1
-24 - -21 - ((-1 - -1) + -1)
-2
Evaluate (3 - 0) + -2 + 0 + -1.
0
18 + -16 + -10 + 1
-7
What is the value of -7 + -4 - (-10 + 8)?
-9
What is -1 + 2 - (3 + (-6 - -3))?
1
What is (14 + -6 - (1 - -4)) + 3?
6
Evaluate (4 - -7) + -6 - (-1 + 0).
6
What is the value of -74 - -72 - (0 + 5)?
-7
What is -20 + 10 + (-3 - -4)?
-9
What is -9 + 7 - (7 - -3) - -4?
-8
Evaluate 3 - (3 + -3 - 2).
5
Evaluate (0 - (1 + -2)) + 2.
3
17 + -28 - (-7 + 2)
-6
What is 1 + -4 + 0 + 5?
2
What is the value of 4 + (12 - 7) + -3 + 3?
9
Evaluate 3 + -1 + -6 + (3 - -6).
5
What is -3 - -8 - (-3 + 9 + -5)?
4
-5 - (-1 + 5) - 0
-9
Calculate 1 + (-3 - (0 + -4)).
2
What is 3 + (-2 - 7) + (-11 - -6)?
-11
Evaluate (0 - (10 + -12)) + (1 - 3).
0
What is the value of -4 - -4 - (-6 + 8)?
-2
What is -2 - ((-8 - -7) + 5)?
-6
21 + -17 + 1 + -3
2
-8 - -8 - (-4 - -2 - -3)
-1
What is -17 - -18 - (2 - (0 + -3))?
-4
3 - (-8 + 9) - 8
-6
Calculate (-35 - -38) + 2 + -2.
3
What is 6 - -1 - (15 - 11) - 3?
0
What is -6 + 1 - (14 + -7 + -6)?
-6
Calculate (8 + -12 - 2) + (-2 - -13).
5
What is the value of 1 + -5 + 5 - -1 - -3?
5
Calculate -9 + 3 + 1 + 3.
-2
Evaluate -1 + 5 + (-12 - -7).
-1
What is the value of 8 + 16 + -6 + -18?
0
What is 7 - 4 - 4 - (-1 + 0)?
0
Calculate 1 + -9 - (-47 + 39).
0
Evaluate 1 + 0 + 0 + 6 + -8.
-1
Evaluate 1 - (-5 + 3 - (5 + -3)).
5
Calculate (-3 - (-4 + 0)) + -1.
0
Calculate 1 + 0 - (2 - (1 - -1)).
1
Calculate (6 - 6) + 7 + -7.
0
What is the value of (0 - -1) + 5 + (-120 - -114)?
0
What is the value of (-4 + 13 - (3 + 0)) + -4?
2
-6 - (7 + -2 + -1 + -2)
-8
What is the value of 6 + (-6 - (-3 + 5 + -3))?
1
What is the value of 8 - 17 - -13 - 9?
-5
What is the value of -2 + (9 - 11) + -1 + 0?
-5
Calculate (-147 - -142) + (4 - 0).
-1
Evaluate (-1 + -4 - -4) + 6.
5
What is the value of ((3 - 4) + -7 - -2) + 2?
-4
What is the value of (-3 - 4) + 4 + 8?
5
What is the value of 5 - (0 - (0 - 1))?
4
Calculate 0 + -4 + 3 - 4.
-5
9 + -2 - (17 - 15) - 4
1
What is the value of (1 - 7) + 0 + 1?
-5
1 - 4 - (-9 - -1)
5
Evaluate -4 + 3 + 1 + -2.
-2
6 - -6 - 7 - 11
-6
What is (-1 - ((-8 - -4) + 10)) + 3?
-4
What is 9 + (-10 + 3 - -2)?
4
What is the value of (2 - (0 + 3)) + -1 - 3?
-5
Calculate 1 + -3 + 2 - 1.
-1
(-3 - (-4 - -1)) + -5 + 8
3
Calculate 2 - 1 - (4 - 1) - -5.
3
6 - (-8 + 5 - -12)
-3
Evaluate -4 + (-3 + 6 - 6) - -5.
-2
What is ((-2 - -2) + -3 - -2) + 2?
1
Evaluate -7 + (-1 - 7) + 7 + 7.
-1
1 + -8 - (-4 - -1)
-4
-12 - (2 - 8) - -2
-4
Evaluate -8 - (-3 - (-7 + 13)).
1
What is the value of -2 + 6 + -5 + -1?
-2
What is the value of -3 - (-3 - -1 - -1)?
-2
What is the value of (3 - 2) + 0 + (1 - 6)?
-4
Calculate 3 + -2 + 0 + -7 + 4.
-2
1 + (-5 - (3 + -4))
-3
What is -2 + -4 + -2 + 10?
2
What is -3 - (3 + 1 + -5)?
-2
0 + 5 + -9 + 2
-2
What is 2 + (-4 - -2) - 5?
-5
Evaluate -6 + (-3 + 6 + 8 - 4).
1
What is 0 - -5 - (-74 + 72)?
7
Calculate -8 + 9 + (3 - -1).
5
Calculate -6 + 3 - -4 - (41 + -46).
6
Evaluate (-40 - -49) + (2 - 7).
4
Calculate 6 + -3 + 0 - (-38 + 43).
-2
What is -2 - -8 - -10 - 9?
7
What is the value of (-3 - 0 - -1) + 2?
0
What is the value of 31 + -15 - (13 + 1)?
2
Evaluate 4 + -14 - (6 - 10).
-6
Calculate 2 - 3 - (8 - (6 + 4)).
1
Calculate -4 - (3 + (-1 + -13 - -4)).
3
Calculate (0 - 0) + -8 - -9.
1
Calculate -6 - (-9 + 5 - 10).
8
1 + -2 + -1 + 2
0
What is the value of (-2 - (2 - 3)) + 0?
-1
(3 - (10 + -5 + 3)) + 8
3
Calculate -1 + (9 - 4 - 2) + -3.
-1
Calculate (2 - 5 - (-2 - 1)) + -3.
-3
Calculate -4 + 6 + (-1 + 3 - -2).
6
-1 - (1 - (-5 - -12))
5
What is (1 - -6) + 2 + -6?
3
(-17 - -19) + 2 + 0 + -13
-9
What is 0 - -5 - (3 + (-3 - -6))?
-1
Evaluate -6 + -5 + 7 + 4 - 2.
-2
What is the value of (5 - 1) + -4 - (0 - 3)?
3
Calculate 8 - 9 - (1 + 2).
-4
What is (0 - -5) + (20 - 21)?
4
What is 4 + -4 + -5 + 1 + 0?
-4
What is 6 - 10 - (2 + -4 - 1)?
-1
What is -2 + 4 + (2 - 2)?
2
Evaluate 11 - (-6 - (-9 + -6)).
2
What is the value of 5 + -2 + 2 + -4 + 3?
4
Evaluate (-1 - 3) + 3 - (3 - -4).
-8
(-2 - 3) + (5 - (2 - 7))
5
What is the value of -3 + 4 + -7 + (0 - -4)?
-2
Evaluate (10 - (6 + -6)) + -4.
6
What is the value of -6 + (11 - 9) - -9?
5
Calculate 2 - (0 - -3) - -9.
8
Calculate 3 + 0 + 1 - (19 - 14).
-1
What is the value of (0 - 3) + (-2 + 10 - 7)?
-2
What is the value of -11 + (25 - (-14 - -25))?
3
Calculate 27 + -37 + -1 + 3 + 4.
-4
7 - 13 - (-2 + -1) - 1
-4
Calculate (0 - 0) + (-3 - (-6 - -6)).
-3
Calculate 0 + 0 + -18 + 13.
-5
Calculate (4 - 4 - -2) + -2 - 5.
-5
(-8 - -2) + 4 + 18 + -16
0
What is the value of 7 + -5 + 8 + -7?
3
What is the value of (19 - 7) + -5 + -10?
-3
Evaluate (3 - 8) + 8 - (3 - 0).
0
What is -16 + 12 - (-3 + 1)?
-2
-6 + -1 + 5 - (-9 - -2)
5
-6 + 6 + 3 + 4
7
Calculate (-2 + 1 + 6 - 2) + -2.
1
-4 - (0 + (-6 - 5))
7
Evaluate 7 + (-10 - -6) - (-1 - -7).
-3
What is the value of 26 - 25 - (0 - (-1 - -3))?
3
Calculate -3 - 12 - (9 + -13).
-11
What is -1 - (3 - (7 - 4))?
-1
(2 - -4) + -11 + -1
-6
What is the value of 4 - (1 + 4) - (-5 - -5)?
-1
What is (34 + -33 - (-1 - 6)) + -2?
6
Calculate 1 - 8 - -4 - (1 - 6).
2
11 + -13 - (5 - 3)
-4
Evaluate 0 + -3 - ((3 - -2) + -11).
3
0 + -18 + 10 - -17
9
What is 9 - (-2 - (0 - 6))?
5
What is 3 + -13 + (8 - 6) + 4?
-4
4 - 5 - 12 - -9
-4
What is -5 - (10 + -21 + 2 + 0)?
4
What is -2 + 5 + 4 + -8?
-1
Evaluate 10 + -1 - (0 + 4).
5
Calculate 5 + -2 + 11 + (-6 - 5).
3
Calculate 10 - (1 + 5) - -1.
5
What is the value of (-5 - (-2 - -2)) + 5?
0
What is the value of (0 - -4) + -13 + 7?
-2
What is -5 - (-12 - -16 - (-1 + 2))?
-8
Evaluate -2 + 2 + 2 - 5.
-3
Evaluate (-1 - 0) + (11 - 7).
3
Calculate -4 + (3 - 2) + 2.
-1
Evaluate (2 - (3 - -3)) + 7 + -6.
-3
4 - 4 - 2 - 3
-5
-3 + 11 + 10 + -15
3
Calculate 3 - (3 - (6 + -3) - 0).
3
What is the value of -9 + -7 + (4 - 1 - -11)?
-2
Evaluate 1 + -5 - (-11 + -8 + 17).
-2
Evaluate 3 + (-4 - (-13 - -6)) + -4.
2
Calculate -6 - -4 - -4 - (6 - 0).
-4
What is the value of -55 - -48 - (-5 + (-1 - -2))?
-3
What is the value of 5 + (-5 - (-3 - -4))?
-1
(-5 - (-1 - 7)) + 8 + -5
6
What is the value of -4 + 5 + 3 